(0) prime?
False
Suppose -2*b = 3*z - 575, 4*z + 203 - 1359 = -4*b. Suppose 1487 + b = 3*q. Is q/7 + (-6)/(-21) a composite number?
True
Is (-1*16/(-20))/((-10)/(-1475)) a prime number?
False
Suppose -5 + 23 = w. Suppose -3*g + w = 6. Suppose -g = -c - 0. Is c prime?
False
Let s = 684 - -2435. Is s prime?
True
Is ((-113)/3)/(1/(-3)) composite?
False
Suppose 0 = -2*d - 2*d + 8. Suppose 0*w = w - d. Is (2/(-4))/(w/(-124)) a prime number?
True
Let f = -7 - -11. Let x(m) = 2 - 6 + 1 - 6*m**2 + 2*m**3 + 5*m. Is x(f) a prime number?
False
Let q(m) = -10*m + m**3 - 2*m**3 - m**2 - 11*m**2 + 14. Is q(-11) prime?
True
Suppose 3*a = -l - 3330, -l = -a + 3*l - 1097. Let b = a + 2116. Suppose -4*t - b = -9*t - 4*n, 3*t = -4*n + 601. Is t a composite number?
True
Let k be 8/(-10)*5/(-2). Let v(n) = 2 - 5*n + 3*n**2 + 6 - 2*n**k. Is v(6) a prime number?
False
Is (6 + -1)/((-6)/(-1416)*4) prime?
False
Let x be 402/(-8) + 2/8. Let m be (-2)/4*4 + 95. Let i = m + x. Is i composite?
False
Suppose 0 = 5*d + t - 1244, d + 5*t = -4*d + 1240. Is d a prime number?
False
Let o be 6*11 + (5 - 2). Suppose 0 = 2*h + o - 187. Is h a prime number?
True
Let n = -25 + 72. Is n a composite number?
False
Let t = -129 - -184. Is t prime?
False
Let f(s) = s**3 + 21*s**2 - 28*s - 1. Is f(-22) prime?
True
Let i be (110/8)/((-1)/4). Let c = -33 - i. Is c a composite number?
True
Let o(m) be the third derivative of m**5/60 + 7*m**4/24 + m**3 - m**2. Suppose 24 = -2*h - 5*a, -3 + 2 = h - 3*a. Is o(h) composite?
True
Let a = 43 - -5. Suppose u = 5*u + a. Is (u/(-15))/(1/5) prime?
False
Suppose -74*v + 72*v + 662 = 0. Is v composite?
False
Suppose -8 = -j + 18. Is j a composite number?
True
Let h be 8/(-6)*(-6)/4. Let t(x) be the first derivative of 7*x**4/4 - 2*x**3/3 + 2*x**2 - 3*x - 3. Is t(h) a composite number?
False
Let j be -1 - (-216 - -2)/2. Suppose -5*u + 160 = -5*o, -4*u + u = -o - j. Is u composite?
False
Suppose 2*c - 20 = -3*c. Suppose 2*v - 34 = c*y + 20, -5*y = -v + 21. Is v a composite number?
False
Is 3060/24 - 2/4 composite?
False
Let c = 9 + -3. Let n(j) = -j**3 + 8*j**2 - 5*j + 9. Is n(c) prime?
False
Suppose 4*u - 12 = -5*k, -u = -4*k + 3*u + 24. Suppose 2019 = k*t + 5*j, 0 = 4*t + t - 3*j - 2570. Is t a prime number?
False
Is (2874/2)/(-6 + 7) composite?
True
Suppose 2*b + 4*q - 2992 = 0, 4*q + 1605 + 5917 = 5*b. Is b composite?
True
Let k be ((-22)/(-33))/(2/(-51)). Let r = 2 - k. Is r composite?
False
Suppose 2*c + c = 4*z - 30, -4*c - 14 = -z. Let s(r) = -5 + r + 3*r - z*r - 5*r. Is s(-8) composite?
True
Let n be -30 + -11 - (0 - 0). Let v = -18 - n. Is v a prime number?
True
Let k(u) = 6*u - 1 - 6*u**2 - 3*u**3 + u**3 + 3*u**3. Is k(5) composite?
True
Let n(k) = -13*k**2 + 3*k + 1. Let y be n(-2). Suppose -g = -2*a + 2*g + 164, -3*a + 5*g = -244. Let t = a + y. Is t prime?
True
Let v be 5/(-15) + (-1096)/6. Let h = -50 - v. Is h a prime number?
False
Suppose 0 = -14*m - 82 + 894. Is m prime?
False
Let u be (-4 - -2) + 15 + -1. Suppose 2*v = -r - u, -5*r = -v + 4*v + 18. Let j(i) = -2*i + 3. Is j(v) a prime number?
False
Is (-896)/(-2) + 4 + -3 a composite number?
False
Suppose 5*t - 12584 = -3*u, 4*t = -6*u + u + 20969. Is u composite?
True
Let s(j) = -j. Let u be s(-2). Suppose -5*a + 669 = -u*a. Suppose -4*d - a = -5*d. Is d a composite number?
False
Suppose -3*v - 4*q = -7, 3*q = 2*v + v. Suppose -2*l + v = -9. Suppose l*h - 31 = 24. Is h a prime number?
True
Is (-5)/((-20)/136) - 3 composite?
False
Let c(q) = q - 1. Let p be 8/10*(-60)/(-8). Let v be c(p). Suppose x - 6 - v = 0. Is x a composite number?
False
Let d be -2 - (-6 + (-1 - -2)). Suppose -3*l - d = -9. Suppose r + 9 + 60 = 5*f, l*f + 4*r = 10. Is f prime?
True
Suppose -9*z + 7191 = -7542. Is z a composite number?
False
Is 1257/3 - 20/5 prime?
False
Suppose -2*c + 6 = -0*c, -5*c + 3 = -4*u. Suppose -u*y + 9 = 0, 18 = 5*t - 3*t + 4*y. Suppose 0 = -4*p - 4*r + 128, -2*p + 0*r - t*r + 59 = 0. Is p prime?
True
Suppose 3*d + m - 378 = 0, 2*d - 4*d - 2*m + 248 = 0. Is d composite?
False
Suppose -2*u - n + 882 = -u, -2*u + n = -1749. Is u composite?
False
Suppose -32*z = -27*z - 11435. Is z a prime number?
True
Let v(m) = 25*m**3 + 2*m**2 - m - 2. Let r be v(2). Is 1 + -2 - r/(-3) a composite number?
False
Suppose -4*q = 3*v + 771, -v = -q + 2*v - 174. Let y = q + 278. Is y a composite number?
False
Let c(s) = 34*s + 13. Is c(4) composite?
False
Is ((-9)/5 - -2) + (-6072)/(-115) prime?
True
Suppose 3*i - 546 = 3*b, -3*i = -2*i + 3*b - 190. Let r = 115 + i. Is r prime?
False
Suppose -4879 = 3*f - 10*f. Is f prime?
False
Is 707 - -9*(-8)/12 prime?
True
Suppose 2*h - h = 9. Suppose v - h = 10. Is v a composite number?
False
Suppose 0 = 4*f - 19 + 7. Suppose f*g = 800 - 38. Is g composite?
True
Let x be 1/(-4) + 442/8. Let o = -1 + x. Suppose 0 = 3*s - 57 - o. Is s a composite number?
False
Let d = -2 + 1. Let k(c) = -307*c. Is k(d) a prime number?
True
Let l(w) be the first derivative of 9*w**4 + w**2 - w + 2. Suppose 4*f - 5*m = -6, -2*f = f + 3*m - 9. Is l(f) composite?
False
Suppose 0 = -4*q + 5*w - 9, 3*q = 8*q + 2*w - 30. Suppose q*y + 4*s = 12, 6*y - y - 2*s = 15. Let j = 1 + y. Is j composite?
True
Let x = -409 + 806. Is x a composite number?
False
Let n = -187 - -366. Is n prime?
True
Let x(r) = 157*r - 23. Is x(6) prime?
True
Let y = 3237 - -2024. Is y a prime number?
True
Let d(j) = -j + 17. Let g be d(13). Suppose -u - 2*i + i + 2 = 0, i + g = u. Suppose -7*h = -u*h - 76. Is h a prime number?
True
Let c(g) = -g**3 - g - 1. Let h(n) = -81*n**3 - n**2 + 2*n + 2. Let d(u) = 3*c(u) + h(u). Is d(-1) a composite number?
False
Let i(z) = 1481*z**2 + z + 1. Is i(-1) prime?
True
Let a(y) = -y**3 + 3*y**2 - y + 1. Let w be a(3). Let i = 3 + w. Is 0/(-1) + (i - -48) composite?
True
Let k = 799 - 30. Is k prime?
True
Let q = -983 + 1428. Let o = 3 + -1. Suppose o*y = -3*g + 339, 4*g + 8*y = 3*y + q. Is g a composite number?
True
Is 6/(-4)*130/(-15) a prime number?
True
Let v be (-106)/(-9) - (-2)/9. Let b = 419 - v. Is b a prime number?
False
Suppose 3*i = 3*c - 858, i - 7 = -2. Is c a prime number?
False
Suppose -1117 = 31*c - 32*c. Is c composite?
False
Suppose -3*b = -113 - 196. Is b prime?
True
Let w(z) = -z**2 - 7*z + 2. Let p be w(-6). Let x = p + -11. Let o = 12 + x. Is o composite?
True
Suppose -3*c = c - 24. Suppose 0*l + 2*l = -c, 5*w + 5*l = 0. Suppose -4*f - 2*h + 92 = 0, -w*f - h = -96 + 27. Is f a composite number?
False
Let v(z) be the first derivative of -2*z**3/3 + 2*z**2 + 11*z + 1. Let k(r) = 6*r**2 - 12*r - 32. Let y(b) = 6*k(b) + 17*v(b). Is y(5) a composite number?
True
Let z(h) = 920*h + 1. Let i be z(10). Is (-8)/(-36) + i/27 a prime number?
False
Let q be 2 - -24 - 1/1. Let g be (-2)/17 + (-1 - (-1300)/68). Let f = g + q. Is f a prime number?
True
Suppose 2*i - i = 109. Is i a composite number?
False
Let i be -2 + 6 + -1 - -143. Let j = i + 12. Is j a composite number?
True
Suppose 753 + 1324 = y. Is y a composite number?
True
Let o(u) = -u**3 + u**2 + 3. Let x be o(3). Let n = x + 52. Is n a composite number?
False
Let s = 16 + -11. Suppose -17 = -4*o - s. Suppose -o*h = h - 56. Is h prime?
False
Suppose -4*b = 2*r - 18, 0 = 2*r - 7*b + 3*b + 6. Let o(t) = -5*t**2 + 6*t - 3*t - t**3 + 3*t - 3 + 2*t**r. Is o(6) a prime number?
False
Suppose -4*q = -2*q + 4*m, -5*m - 10 = 0. Suppose 2*o + t = -6, -o + t + 8 = -q*o. Is 466/2 + (-2 - o) prime?
True
Let x(c) = 47*c**2 + 3*c - 1. Is x(5) prime?
False
Suppose -2*y = -5*m - 341, 0*y + 5*m = 5*y - 830. Is y prime?
True
Let o = -61 + 98. Is o composite?
False
Let i = -2251 + 3318. Is i prime?
False
Is 184428/135 - 2/15 a composite number?
True
Let q be (5 - 6)/(1/(-203)). Suppose -747 + q = 2*c. Is 1/3 + c/(-3) composite?
True
Is 2363/3 + 36/(-54) prime?
True
Let z(c) = -3*c**2 - 2 - 2*c**3 - 4 - c**2 + 3*c**3. Let o = 11 + -6. Is z(o) a composite number?
False
Let a be 3 - (282 - (0 - 1)). Let h = -153 - a. Is h a composite number?
False
Let k = 6 + -2. Let n(p) = p**2 - 2*p - 2. Let i be n(k). Let d(j) = -j**3 + 6*j**2 + 2*j - 1. Is d(i) a prime number?
True
Suppose 3*z - 3346 = 1625. Is z prime?
True
Let g(a) = 5*a**2 - 2*a + 8. Let v be 2/(-9) + (-65)/(-9). Let h be g(v). Let c = h - 126. Is c composite?
False
Suppose -2*g - 2*g =